q) = -7*q - 6. Let d be s(x). Let n = d - -202. Is n a composite number?
True
Let h = 256 + -143. Is h a composite number?
False
Suppose -2*t = -4*t - u + 165, 2*u = -t + 78. Suppose -3*c + 668 = c. Suppose c + t = z. Is z a prime number?
True
Let f(y) = y**2 - 4*y + 3. Let q be f(2). Let c(z) = 877*z**2 - 2*z - 2. Is c(q) composite?
False
Let v(s) = -s**3 + 7*s**2 - s + 7. Let p(a) = a**2 - 7*a - 1. Let m be p(8). Let c be v(m). Suppose -3*g + 8*g + 42 = y, c = g + 1. Is y prime?
True
Let d = 2095 - 958. Is d composite?
True
Suppose -3135 = -5*y + 7*u - 3*u, 0 = -4*u. Suppose -13*q = -10*q - y. Is q a composite number?
True
Let z be 1/(-3) - (-325)/(-15). Let q be 4/z + (-175)/(-55). Suppose 212 = q*o - o. Is o composite?
True
Suppose 6 = 3*m + 3*p - 24, 2*m = -p + 21. Let b(u) = -22*u + 3. Let l(y) = 65*y - 10. Let c(v) = 11*b(v) + 4*l(v). Is c(m) a prime number?
True
Let p = 54 - 44. Let q(m) = 132*m - 61. Is q(p) a composite number?
False
Let t = 2 + 0. Suppose 0 = -4*f + t*f - 244. Let d = -67 - f. Is d composite?
True
Let a = -12 + 208. Is a + 21 + -4*1 composite?
True
Let d(n) = 4*n**3 - 23*n**2 - 33*n - 39. Let u(q) = -q**3 + 8*q**2 + 11*q + 13. Let r(c) = -4*d(c) - 14*u(c). Is r(-16) composite?
True
Suppose -5*y = -2*r + 7556, -27*r - 2*y - 11334 = -30*r. Is r a prime number?
False
Let w(m) = 814*m + 13. Is w(3) composite?
True
Let w = 8 - -2. Suppose -w*o + 493 = -9*o. Is o a prime number?
False
Suppose 207*y = 214*y - 32459. Is y a composite number?
False
Let z(u) = -36*u - 71. Is z(-17) a prime number?
True
Let d = 469 + -227. Let n = 1098 + -2. Suppose -6*q + n = -d. Is q a prime number?
True
Let d = -21 - -30. Let l be (-2)/d - 110/(-9). Suppose -l = -3*h, -2*j - 70 = h - 816. Is j prime?
False
Let n = 107 + 692. Is n a composite number?
True
Let s(o) = 4*o + 5 + 3*o**2 - o**3 - o**3 + o**3. Is s(-8) a prime number?
True
Let f = 8 + -2. Let t(k) = -5*k**2 - f*k + 4*k**2 + 16*k**2 + 3 - 2*k. Is t(4) composite?
False
Let j(x) = 2*x**2 + 3*x. Let g be j(-2). Suppose 3 = -d, -3*o = -g*d - 2*d - 219. Is o a composite number?
True
Let t be (38/(-5))/(10/(-250)). Let o = 312 - t. Is o composite?
True
Suppose -8755 = -7*p - 10*p. Is p a prime number?
False
Suppose 3*k + k = 16. Suppose 116 - 672 = -k*d. Is d a prime number?
True
Suppose -1581*w + 24239 = -1580*w. Is w a prime number?
True
Let a(w) = -2*w**2 - 5 + 5*w**2 - 2*w**2 - 12*w + 8*w. Let c be a(5). Suppose c = -3*o - 4*i + 2 + 7, 0 = -2*o - i + 6. Is o composite?
False
Let v be (-12)/((-3)/24*-2). Let a = 3 + v. Let j = a - -66. Is j a prime number?
False
Let s(w) = -724*w**3 + w**2 + 2*w + 1. Let c be s(-1). Suppose -15 = -3*x, 4*m - c + 65 = x. Suppose 159 + m = 5*t. Is t a composite number?
True
Let x(a) = 5*a**2 - a + 7. Let d be (5 + -7)/((-1)/(-2)). Is x(d) a prime number?
False
Suppose -7 = -q - 4. Suppose 2*o - n - 707 = -q*o, 2*n - 701 = -5*o. Is o a composite number?
True
Let x = 26577 - 18674. Is x a prime number?
False
Let n = -26 + 46. Suppose f + n - 117 = 0. Let s = 192 - f. Is s prime?
False
Suppose -5*t + 17 = 2*q, -3*q + t + 2*t = 27. Is 4/(-16)*q + 50 composite?
True
Suppose 6 = -3*q + 21. Let g be (1 - 2) + (-14 - -221). Let t = g + q. Is t a prime number?
True
Suppose m + 4*j - 3*j = 1659, j = 3*m - 4969. Is m prime?
True
Is (37992/72)/(1/39) a prime number?
False
Let r(h) = -h**3 - 18*h**2 - 5*h - 6. Let b(q) = -q**3 - 17*q**2 - 4*q - 6. Let c(z) = 5*b(z) - 4*r(z). Let w be c(-13). Is (-4)/w - 751/(-3) prime?
True
Let o(u) = -u**2 - 11*u + 6. Let l be o(-12). Let a = l + 9. Is (-5 + a)*(-370)/4 a prime number?
False
Let q(a) = -48*a**2 - 7*a - 21. Let c be q(-6). Let y = -1045 - c. Is y a composite number?
True
Let s be -92 + (-2 + 4)/((-2)/(-2)). Let y = s - -121. Is y a prime number?
True
Let p(v) = 46*v - 4. Let h be p(17). Suppose h + 5577 = 5*s. Is s a prime number?
False
Let p(k) = -k**2 - 8*k - 9. Let s be p(-7). Let r = 0 + s. Is (-1)/r - (-91)/14 prime?
True
Let p(a) be the second derivative of 22*a**4/3 - a**3/2 - 5*a**2/2 - 15*a. Is p(-2) composite?
False
Let d(j) = j**2 - 2. Let q be d(-2). Suppose 4*h + 5*z = 146, -h - h - q*z + 74 = 0. Is h a composite number?
True
Is ((-8)/(-20))/(0 + 2/485) a composite number?
False
Suppose -2*z - z = 5*h - 1144, -5*z + 5*h = -1840. Is (-4)/(-8) - z/(-2) a composite number?
True
Let c = -5229 - -9174. Let d be (0 - 0)/(43 - 44). Suppose -18*z + 13*z + c = d. Is z composite?
True
Is (-108792)/(-7) + 3 - 18/(-63) a prime number?
False
Let g(d) = 4219*d + 74. Let m be g(7). Suppose 5*z + 5*c - 3*c = m, -5*z - 4*c + 29599 = 0. Is z a composite number?
False
Let u be -19 - (-4 + 0 + 1). Let r(j) = -j**3 - 15*j**2 - 5*j + 35. Is r(u) prime?
False
Is 5*11/(55/57207) composite?
True
Let a(r) be the second derivative of r**5/20 - 5*r**4/6 - 4*r**3/3 - 5*r**2/2 + 7*r. Let b be a(11). Let w = b - 15. Is w prime?
True
Let i = -57 + -723. Let c = -131 - i. Is c prime?
False
Let i = -86 - -90. Suppose -4*w + 1607 = 2*h + h, 2*h - i*w = 1038. Is h a composite number?
True
Let d(z) = -882*z - 1. Is d(-4) prime?
True
Let q(c) = -37*c - 19. Let i(r) = -56*r - 29. Let p(j) = 5*i(j) - 8*q(j). Let g = -88 + 100. Is p(g) composite?
False
Let b = 64 - 64. Suppose b = -4*d + 5517 + 1871. Is d composite?
False
Let c = 13678 + -8096. Suppose -b - 4*i + 943 = -186, -i = -5*b + c. Is b a prime number?
True
Let s(r) be the second derivative of -r**4/12 + 4*r**3/3 + 1061*r**2/2 - 20*r. Is s(0) a composite number?
False
Is 51931 - (7 - (-4 - -9)) composite?
False
Let p be ((-1512)/98)/(2/(-14)). Is 444006/p + 2/(-12) a prime number?
True
Suppose 4*c - 4 = 0, 4*c + 125 = -3*a + 3*c. Let u be (-1)/(-6) + (-10325)/a. Suppose u + 1406 = 4*r. Is r a prime number?
False
Let b = 11 - 55. Let z = 2 - b. Let n = 125 - z. Is n a composite number?
False
Is (((-28228)/12 - -6)*-3)/1 a composite number?
False
Suppose -555809 + 51104 = -15*m. Is m a composite number?
False
Suppose 5*d - 706 - 329 = 0. Suppose -475 = -2*q + d. Is q prime?
False
Is (-1 - -2)*(-1619212)/(-28) prime?
True
Suppose c = 2*b - 436, 36*c - 649 = -3*b + 35*c. Is b prime?
False
Let o(h) = -2*h**3 - h**2 - 8*h + 3. Let s be o(-5). Let n be ((-19)/2)/(2/(-4)). Suppose -3*w - n = -s. Is w composite?
False
Let l = 3958 - 2447. Is l prime?
True
Let v(u) be the first derivative of -3*u**4/4 + u**3/3 - 2*u**2 + 11*u - 2. Is v(-6) prime?
True
Let i(d) be the third derivative of -d**8/6720 + d**7/1260 - d**6/144 - d**5/24 - d**4/3 + 5*d**2. Let c(a) be the second derivative of i(a). Is c(-3) prime?
False
Let n(b) = -3*b - 10. Let y be n(-6). Is -1 + 4 + (y - -42) a prime number?
True
Suppose -u + 4 = -2*j + 556, 2*j - 4*u - 552 = 0. Suppose 5*n + 1104 = -q + 5*q, q - 4*n = j. Suppose 5*s - q = s. Is s a composite number?
True
Let q = 33 - 28. Suppose 2*s = -q*x - 8, -2*x + 20 = -7*x. Suppose -s = 4*y - 82. Is y a prime number?
True
Let t(k) = 3*k - 6. Let f be t(5). Let c(p) = 13*p**2 + 7*p - 13. Let d be c(f). Suppose -d = -4*n + 645. Is n a prime number?
False
Is (7 - 4)*((-126948)/18)/(-2) prime?
False
Let n = -284 - -771. Is n a prime number?
True
Let l(c) = 15145*c**2 + 11*c + 1. Is l(-2) a prime number?
False
Let n be (-9)/(-12) - (-6)/(-8). Suppose -j + 410 + 648 = n. Suppose -5*f + 237 = -j. Is f composite?
True
Let u(w) = 928*w + 8. Let f be u(2). Let v = 2950 - f. Suppose 6*n - v = 1032. Is n prime?
True
Let v = -1799 - -2586. Is v prime?
True
Let m(p) = -494*p**2 - p - 1. Let g be m(-1). Let a = 961 + g. Is a a composite number?
False
Let i be -131*(-2 - 0 - (25 - -4)). Is (-34)/153 + i/9 prime?
False
Let l(c) = 8*c**3 + c + 1. Let z be l(-1). Let g(d) = -d**3 - d**2 + 6*d + 7. Is g(z) a composite number?
True
Suppose 2*y = 16 - 6. Let n be (0 - y)*(-1)/1. Suppose n*u = -3*f + 635, u + 2*f + 254 = 3*u. Is u a prime number?
True
Suppose g = -3*h + 20833, -6*h = -9*h - 3*g + 20841. Is h composite?
True
Suppose 26060 = 7*u - 21701. Is u a prime number?
True
Is ((-3)/(-6))/((-2)/(-13052)) composite?
True
Is 3*(-8497)/(-3) + 2 + 2 prime?
True
Let w(u) be the first derivative of 21*u**2/2 + 10*u - 18. Suppose 2*y - 3*y = -5. Is w(y) a prime number?
False
Let k = 40 - 35. Suppose -k*i + 5*y + 2614 = 2*y, 0 = -3*i + 3*y + 1572. Is i a composite number?
False
Let s(m) be the second